 -s*t - 5*q. Suppose t*a + 5*o - 3122 = 1138, -3*a - 4*o = -2557. Is a prime?
False
Is -8*((-60635393)/56)/13 a prime number?
False
Let t(i) = 49*i + 10. Let m(s) = -147*s - 31. Suppose -2*g - 3*g - 13 = -4*n, 0 = -5*n - 3*g + 44. Let a(b) = n*t(b) + 2*m(b). Is a(9) composite?
False
Is (15/(-20) + 5/(-20))*(-110030 - -1) composite?
True
Suppose -4*r + 21*o - 25*o = -404784, -4*r = 5*o - 404783. Is r composite?
False
Is (13 + 320/(-24))*(-12292008)/8 a prime number?
True
Let d be ((-12)/(-2))/(7/(35/10)). Suppose -2875 = -4*f - t + 3963, -3*f - d*t + 5133 = 0. Is f prime?
True
Suppose 79024488 = 531*v - 189167151. Is v prime?
False
Let n(g) = 208835*g - 411. Is n(2) composite?
True
Suppose 7*t - 2*t = 0. Suppose t = 4*a - a + 4*k - 1080, -5*a - 2*k = -1786. Let d = a - 190. Is d composite?
True
Let p(u) = 374*u - 57. Let f be p(9). Suppose 2*h = 5*h - f. Is h a composite number?
False
Let o(r) = -1219*r - 2. Suppose -17*g - 13 = -4*g. Is o(g) prime?
True
Let o = 296 - 201. Suppose 3*m - o - 3739 = 0. Let f = m + 283. Is f a prime number?
False
Let n(l) = 50*l**2 + 3*l - 652. Is n(23) prime?
True
Let o be -5 - (-7)/(-21)*3. Is -47*(o - -1 - 0) composite?
True
Suppose 765821 = 4*m + 147729. Is m composite?
False
Let i = -11103 + 22570. Is i a prime number?
True
Suppose 0*f = -3*f - 5*f + 2545528. Is f a composite number?
False
Let i be (2 - 5)/((-6)/(-8)). Let n = i - -9. Suppose 5*y = -4*d + 2*y + 1940, 3*d - 1455 = n*y. Is d a prime number?
False
Let r(z) = -5415*z - 10166. Is r(-15) prime?
True
Suppose 0*h + 10 = -t + 2*h, 0 = -t - 2*h + 10. Let i(b) = 2*b**2 - 5*b + 16. Let a be i(t). Is ((-4)/a)/(26510/13256 + -2) composite?
False
Let l(o) = o**2 - 10*o + 9. Suppose 2*j - 6 = 12. Let u be l(j). Suppose 16*t - 6001 - 3327 = u. Is t a composite number?
True
Let k(r) = 13122*r - 3301. Is k(6) a composite number?
False
Let d(h) = 316*h - 18. Let c be d(13). Suppose -2*q + c = -3202. Is q a prime number?
False
Suppose -2*p + 94800 = -3*f, p + 5*f - 47433 = f. Is p prime?
False
Let r = 966 - 960. Is 5392 + (-9 - (-3 - (-5 + r))) composite?
False
Suppose 1472*y = 1525*y - 10546523. Is y a composite number?
True
Let v be -6 + 3 + (1 - -57). Let a = v + -69. Is (20/a)/(-5) - 6347/(-7) a prime number?
True
Suppose 4 + 122 = 6*x. Let f(b) = 11*b - 10 + 0 + x*b - 3*b. Is f(9) a composite number?
False
Let a be 2/(-17) - (-14148)/612. Suppose 10*r = a*r - 33397. Is r composite?
True
Suppose -d + 3*k + 88 + 80 = 0, -4*k = 4*d - 624. Let v = d - 76. Is v a composite number?
False
Let w(m) be the second derivative of 719*m**3/6 + 33*m**2 - 81*m. Is w(7) prime?
True
Let d(s) be the third derivative of s**4/24 + s**3/2 - 23*s**2. Let l be d(4). Suppose l*t = 12*t - 1975. Is t prime?
False
Let s(u) = 2*u**2 - 488 + 3*u + 3*u**2 + u**3 + 487. Let k be s(-4). Suppose -2*z = -2*h + 516, 702 = 3*h + k*z - 66. Is h a prime number?
True
Let j = -65974 + 100556. Is j composite?
True
Let i = -120096 + 173099. Suppose -12*s = i - 192479. Is s prime?
False
Let s = -509048 + 976245. Is s a prime number?
True
Let n = 95228 - 34569. Is n a composite number?
False
Is ((-1061)/2)/((-2)/2304) - -3 composite?
True
Suppose 2*o + o - 4*l - 14 = 0, l + 6 = 2*o. Suppose o*z - 16509 = 5*z. Let d = -1176 - z. Is d a prime number?
True
Let b(n) = -5*n**2 + 379 - 360 - n + n**3 + 0*n**3. Let g be b(-6). Let j = g - -1936. Is j composite?
True
Let a(n) = 68*n + 19. Let w(k) = 4*k - 5. Let j be w(2). Suppose 2*u + 3*x = 21, j*u + 3*x + 2*x - 34 = 0. Is a(u) a composite number?
False
Suppose 5*x - 7*t = -10*t + 146512, -2*x + 3*t + 58609 = 0. Suppose 28*m = -x + 112099. Is m composite?
False
Let k = -1850 + 1844. Let g be (1 - -1)/2*1. Is g + 0 + (-2670)/k a prime number?
False
Let s(n) be the second derivative of 5*n**3/6 - 21*n**2/2 + 21*n. Let l be s(4). Is (-4)/l - (1 - 22) a prime number?
False
Let h(s) = -s**2 + 8*s - 14. Let i be h(7). Let l be i/(28/(-429)) + (-3)/12. Let c = l - 70. Is c a composite number?
False
Let z be 0 - (30/6)/5. Is (-5 + 10)*(-5079)/(3*z) composite?
True
Let f(b) = 5*b - 10. Let k be f(2). Suppose 3*g + 51 - 66 = k. Suppose 0 = -g*z + 103 + 1152. Is z a prime number?
True
Suppose -3*z - s + 0*s = 1, s = 5*z - 1. Let p be 5 - 0 - 3*(1 + z). Is (-1 - (-306)/(-12))*(0 - p) a composite number?
False
Let v = 15 - 11. Let k(c) = 2*c - 19. Let l be k(12). Suppose l*o - 2760 = q, -4*o + 269 + 1915 = v*q. Is o a prime number?
False
Suppose -27*u + 70925741 = 56*u. Is u prime?
True
Suppose -4*a - 8 = 0, t - 9064 = -2*t + 2*a. Suppose t = 12*n - 3328. Is n a composite number?
True
Suppose 0 = -53*q + 82020400 + 36321127. Is q a composite number?
False
Let a(d) = d + 149. Let y be 14/(-6) + 22/(-33). Let h(n) = -n**2 - 3*n. Let o be h(y). Is a(o) prime?
True
Suppose 195824 = 83*x - 67*x. Is x composite?
False
Let y(w) = 9*w - 51. Let c be y(6). Is 322024/32 + c/(-12) composite?
True
Let f(o) = -2*o. Let v(h) = 7*h + 13. Let y(d) = 3*f(d) + v(d). Let n be y(-8). Suppose -n*z = -1234 - 1176. Is z a prime number?
False
Let s = 47013 - 31180. Is s prime?
False
Let w = 24 + -27. Let p = 39 - w. Is ((-140)/p)/((-2)/123) composite?
True
Suppose -4*l = -16, 2*l + 909491 = 2*s + 67757. Is s a composite number?
True
Suppose 213160 = 2*f - 3*t, -204*t + 205*t - 532883 = -5*f. Is f composite?
True
Let t(x) = -415*x - 17. Let i(l) = -832*l - 33. Let d(c) = 3*i(c) - 5*t(c). Is d(-1) composite?
True
Let j = 16321 + -11276. Suppose -x + 1307 = q, -1104 = 3*q - 2*x - j. Let u = q + -818. Is u a prime number?
False
Suppose 12*w = 8*w - 6080. Let f = -2531 - w. Is 8 + -9 + (-1 - f) a composite number?
False
Let u(x) = 7*x**2 - 19*x + 55. Let z be u(-19). Let t = z - 1792. Is t composite?
False
Let n(g) = -47*g + 35*g**2 + 27*g - g**2 + 59 - 27*g + 15*g**2. Is n(11) a composite number?
False
Let j be (-112)/(-4) - (0 + 2 + -1). Let g be 20/9 - ((-21)/j + 1). Suppose 0 = -3*z - g*z + 5685. Is z a composite number?
True
Suppose -1371 - 2003 = -2*f. Let k = 492 + -990. Let n = k + f. Is n a prime number?
False
Is 3996462/5 - -91*(-32)/2080 a composite number?
False
Suppose -2*u = -i - 215757, -90460 = -u - i + 17426. Is u prime?
True
Let m(q) = 280*q + 933. Is m(14) a composite number?
True
Let w = 10070 - -10019. Is w prime?
True
Let a be -5 - 3*168/(-9). Let u = a + 388. Is u prime?
True
Suppose 37*g - 4*g = -61*g + 122046122. Is g a composite number?
True
Let d = 205291 - -286756. Is d prime?
True
Let j(r) = -r**2 - 21*r + 12. Let c be j(-21). Suppose -15*f + c*f + 324 = 0. Is 23136/f + 4/(-18) a composite number?
True
Suppose -7*c + 6*c + 6 = 0. Is 4611 - -1*(c + 1) a prime number?
False
Suppose -5*z + 2*z + 3 = -5*a, 3*a + 25 = -4*z. Let h(n) = -45*n**3 + 8*n**2 + 4*n + 7. Is h(z) composite?
False
Let y = 126736 - 87030. Is y prime?
False
Let r(m) = 2*m**2 - 22. Let w(q) = q**3 - q**2 - 6*q - 4. Let t be w(-2). Let z be r(t). Is 4874/z + -4*4/40 prime?
True
Let q(w) = -w**3 - 11*w**2 + 46*w + 61. Let r be q(-14). Suppose -3*k - r*n + 2085 = 0, 3*k = -4*n + 2*n + 2085. Is k composite?
True
Suppose 2*d - 3391 = 4*n + 81, 0 = -n - 4*d - 886. Let u = 1519 + n. Is u composite?
True
Let g(o) = -o**3 + 15*o**2 + 17*o - 14. Let f be g(16). Suppose 0 = -f*d - 8 - 26. Is -1 + 1387 - (d - -18) composite?
True
Let w be ((-1)/2)/(32/(-256))*-9662. Is (-1)/((-8)/w*-1*1) a prime number?
True
Suppose 35*b + 2125916 = 95*b - 1964344. Is b composite?
False
Is (((-6)/4)/(16/12779296))/(21/(-7)) composite?
False
Suppose -103445 = 395*o - 408*o - 13134. Is o prime?
True
Suppose -t - 5*x = 449 + 838, -3*x - 9 = 0. Let c = t + 2665. Suppose -l = 6*l - c. Is l a composite number?
False
Let t = -362 - -364. Suppose -2*u + 5*s = -3*u + 5452, u - 5443 = -t*s. Is u prime?
True
Suppose 0 = 10*z - 11*z + 27980. Let q(n) = 21*n - 68. Let w be q(4). Suppose w*o - 6*o = z. Is o a composite number?
True
Let q be (320796/98 - 12) + (-3)/7. Is (60/36)/(1/q) a prime number?
False
Let v = 65597 - 33045. Let f = -6247 + v. Is f composite?
True
Let i be (-2 - -1)/((-3)/(-9)). Is (1638 - 1)*(7 + i - 3) a composite number?
False
Suppose 5*b - 122282 - 291623 = 0. Is b composite?
False
Is 6*44423*(-28)/(-168) prime?
False
Suppose 11*z - 759 = 473. Suppose -2*b - 37 = -j, -4*j - b + z = 3*b. Suppose 6805 = 36*w - j*w. Is w